d derivative of h(t). Calculate r(3).
-5
Suppose 16 = z - d + 28, 2*z - 25 = -5*d. Let y(u) = 3*u - 1. Let p be y(2). Let c(b) = b + 13. Let w(s) = -s - 12. Let j(l) = p*c(l) + 6*w(l). Give j(z).
-2
Let o(q) = -3*q**2 - 9*q + 1. Let s = -498 - -494. What is o(s)?
-11
Suppose p = 4*p - 33. Suppose -r + p = -4*n, 0 = -2*n - 4*r + 11 - 3. Let a(d) = 2*d**3 + d**2 - 2*d. Give a(n).
-8
Let g(a) = a**3 - 108*a + 6*a**2 + 215*a + 1 - 3*a**2 - 104*a. Calculate g(-1).
0
Let r(t) be the third derivative of -1/24*t**5 + 0*t**3 - 8*t**2 + 1/3*t**4 + 0*t + 0 + 1/360*t**6. Let f(o) be the second derivative of r(o). Give f(5).
5
Suppose 14 = 5*d - 3*r, -3*r + 1 - 12 = -2*d. Let z = -43 - -85. Let v(c) = -4 + 43*c**3 - z*c**3 + 3. Give v(d).
0
Suppose -22 = -x + 5*k, -4*x + k + 33 = 2. Let l(n) be the third derivative of n**4/24 + n**3/3 - 16*n**2. Determine l(x).
9
Let s(n) = n**2 - 2*n + 3. Suppose -911*g - 32 = -919*g. What is s(g)?
11
Let o(c) = c. Let z(r) = r**2 - 7*r - 6. Let w(y) = y**2 - 8*y - 6. Let f(q) = 5*w(q) - 6*z(q). Let v(h) = f(h) - o(h). What is v(0)?
6
Suppose -26 + 50 = -4*b. Let z(p) = -p**2 - 11*p + 4. Let l(n) = -n. Let t(c) = 5*l(c) - z(c). Determine t(b).
-4
Suppose f = -2*f. Let i be (-3)/((-3)/(-2) + f). Let s(l) = 4*l**2 - 3*l**2 - 1 - l + 3*l. Give s(i).
-1
Let b(j) be the third derivative of -7*j**4/24 - j**3/3 - 73*j**2. What is b(1)?
-9
Let r = -8 - -18. Suppose 0 = 5*h + 20, -35*k - 3*h = -34*k + 1. Suppose r*q = k*q. Let n(z) = -z**2 + 5. Determine n(q).
5
Let r(b) = -7*b**2 + 11*b + 6. Let k(s) = 13*s**2 - 20*s - 12. Let a(l) = 6*k(l) + 11*r(l). What is a(0)?
-6
Let p(g) = 14*g**2 + g + 1. Let v = -573 - -572. What is p(v)?
14
Let m = 45 + -67. Let x = -27 - m. Let i(p) = p + 1. Determine i(x).
-4
Suppose 24*y - 40 = 8. Let k(u) = -5*u**2 + 3*u - 1. Calculate k(y).
-15
Let q(l) = 3*l**2 - l**2 - l - 2 + 3*l - l**3. Suppose 0 = -12*z + 15*z - 9. What is q(z)?
-5
Let g = 879 - 873. Let q(o) = -2*o**2 + 8*o - 6. Determine q(g).
-30
Let m = -28 - -28. Let x(a) = -a + 9. Give x(m).
9
Let d(g) = g**2 - 9*g + 4. Suppose -x + 4 = -5*f, -4*x - 6*f = -10*f - 80. Suppose 8*i - 4*i = x. Calculate d(i).
-14
Let j = -694 - -697. Let n(p) be the first derivative of 3*p - 5 + 7/2*p**2 + 1/3*p**j. Calculate n(-5).
-7
Let d(z) = z**2 - 4. Let i be d(2). Let x(g) = g**3 - g**2 + 2*g. What is x(i)?
0
Suppose 19*d - 30*d - 66 = 0. Let p(c) = c**2 + 4*c + 5. Give p(d).
17
Let s(v) = -v**2 + 5*v. Let t(y) = y**3 + 5*y**2 - 2*y + 7. Let z be t(-5). Let p = z + -5. Suppose -5*d = -4*x - 3*d + 20, -p = -3*x + 3*d. What is s(x)?
-6
Suppose 0*p = -2*p - 8. Let r be 2*p*(-21)/24. Let x(u) = u**3 - 8*u**2 + 7*u - 2. Give x(r).
-2
Let j(l) = 12*l**3 + 4*l**2 - l + 2. Let m(k) = 6*k**3 + 2*k**2 + 1. Let y(x) = 2*j(x) - 5*m(x). What is y(-1)?
5
Let n(b) = 2*b - 9. Let z(x) = -x**2 - 10*x + 17. Suppose v + 105 = -2*v - a, -v = -5*a + 51. Let t = v - -25. Let g be z(t). What is n(g)?
3
Let q(x) = 2*x**2 - 11*x + 12. Let u be q(5). Let w(h) = h - 18. Determine w(u).
-11
Let l(r) = 7*r. Let z(q) = -4*q + 15 + 2*q - 6 - 8. Let c(b) = l(b) + 5*z(b). Suppose -2*h - 12 = -4*x, 6*x - x + 15 = -5*h. What is c(h)?
17
Let m be (-4)/2*1*116/8. Let p = m + 23. Let d(k) = -k + 5. What is d(p)?
11
Suppose 7*s + 16 = -5. Let g(q) = -1. Let m(z) = -z**3 - 2*z**2. Let a(f) = -2*g(f) - m(f). What is a(s)?
-7
Let x(c) = -3*c**2 + 7*c - 3*c**2 + 3 + c**3 - 7. Let m be x(5). Let j(l) = -l**2 + 6*l + 3. Calculate j(m).
3
Let r(i) = 3*i**3 - 3*i**2 - 8*i + 8. Let x(m) = 2*m**3 + m**2 - m + 1. Let f(d) = -r(d) + x(d). Determine f(5).
3
Let s(t) = 9*t**3 + t**2 + t - 1. Let a(f) = -36*f + 757. Let o be a(21). Determine s(o).
10
Let w(x) be the second derivative of x**5/20 - x**4/6 - x**3/3 + 3*x**2/2 + 2*x. Let s be ((-1)/3)/((-76)/684). What is w(s)?
6
Let f(y) = 3*y**3 + 2*y - 3. Suppose -14*g = -37*g + 46. Calculate f(g).
25
Let p(u) = -u**3 - 3*u**2 + u. Let v(a) = 6*a**3 + 20*a**2 - 9*a - 16. Let h(q) = -4*p(q) - v(q). Calculate h(-4).
-4
Suppose -4*r - 3 = 3*s, -8 = -s + r - 2. Let x(q) be the second derivative of 2/3*q**s + 0 + 2*q**2 - 1/12*q**4 + 5*q. Determine x(5).
-1
Let g(j) = j**3 - 8*j**2 + 6*j + 7. Let r be g(7). Let b(h) = 4 + h**2 + r*h + h + 2*h - 4*h. Determine b(3).
10
Let x = 21 + -15. Let y be (4/x)/(4/(-36)). Let r(j) = j**2 + 6*j - 10. Let v(s) = -3*s**2 - 17*s + 30. Let b(i) = y*v(i) - 17*r(i). Calculate b(0).
-10
Suppose -4*k + k = -6. Let w(y) = -2*y - 2 + k + 3*y**2 + 2. Suppose 0 = 2*v - 0*v - 4. Calculate w(v).
10
Suppose -2*w - 78 = 4*r, -3*r - w = 3*w + 61. Let m be ((-70)/(-15))/(-14) + r/(-3). Let i(b) = b**2 - 8*b - 4. Determine i(m).
-16
Let m(u) = 48827 - 5*u - 5*u**2 - 48825 - 12*u + u**3. Give m(7).
-19
Let o(h) = 2*h**2 - 4*h - 5. Let p(r) = r**2 - 2*r - 1. Let d(z) = o(z) - 3*p(z). Let i = 11 - 6. Let c(n) = -n + 7. Let v be c(i). Determine d(v).
-2
Let q(z) = -z + 3. Let l(u) = -3*u - 2*u - 4 + 6*u. Let g(r) = -6*l(r) - 7*q(r). Let c = -15 - -11. Determine g(c).
-1
Let p(o) = -o**2 - 2 + 0*o**2 - 3 - 257*o + 264*o. Determine p(7).
-5
Let v(j) = -1. Let b(z) = z**3 - 5*z**2 - 7*z + 11. Let i(y) = b(y) + 4*v(y). Let h(c) = 25*c**2 + c - 2. Let x be h(1). Suppose -8*f = -24 - x. Give i(f).
1
Let c be (35 + -2)*(5 + -4). Let r = c + -33. Let s(b) be the second derivative of b**3/6 + 4*b**2 + b. Give s(r).
8
Let w(q) = -3 + 6 + 0*q - q**2 + 3*q - q. Let y be 5/(-4)*(2 + -18). Let i = y - 16. Determine w(i).
-5
Let c = 51 + -28. Let j(b) = 3 - 46*b - 4 + 22*b + c*b. Calculate j(-2).
1
Let r(q) = -q**3 + 5*q**2 + q - 7. Let t be (1 - 5/10)*-12. Let o = -1 - t. What is r(o)?
-2
Let p(s) = -2 - 2*s**2 - 2 + s**2 + s + 5. Let m be (-2012)/(-20) + 10/25. Suppose -m*v = -103*v + 4. Give p(v).
-1
Suppose 2*v = 1 + 3. Let w be (-128)/22 + (v/(-11) - 0). Let l(f) = -f**2 - 4*f + 5. Give l(w).
-7
Suppose 20 = -5*u, -4*u = -3*h - u + 18. Let a(c) = -5*c - 3*c**2 - 6*c + 12*c + 1 + 0. Give a(h).
-9
Let p(t) = t**2 - 8*t - 5. Let o be 1/5 + (-7)/(105/(-402)). Suppose 30 = o*n - 22*n. Calculate p(n).
-17
Suppose -4*y + 16 = 0, -26 = 2*t - 5*y - 6. Suppose 0 = b + 5, t = -4*i + 7*i - 4*b - 11. Let x(d) = -2*d**2 - d**3 + 0*d**2 + 3 - 3*d**2 - 3*d. Calculate x(i).
-6
Let b(y) be the first derivative of -6*y - 1/2*y**2 + 23. What is b(-9)?
3
Let s(m) = 2*m**2 - m - 1. Let a be s(-1). Suppose 5*d - 3 + 1 = 2*v, -d = -a*v - 2. Let n = d - 3. Let x(r) = r**3 + 4*r**2 + 2*r + 1. Calculate x(n).
4
Let k(l) be the second derivative of 13*l**3/6 - l**2/2 + 158*l. Give k(2).
25
Let w(q) = 9*q**2 - 2*q - 1. Let p(u) = -7*u**2 + 3*u + 2. Let t(f) = 5*p(f) + 4*w(f). Suppose 10 = -2*b + n, 4*b + 3*n + 26 = 2*n. Give t(b).
0
Let f = 1869 - 11207/6. Let k(z) be the second derivative of 0 + 1/2*z**2 - 7*z - f*z**3. What is k(1)?
-6
Let v be 2/(-4) + (-10)/(-4). Let y be (-4)/v + (-4 - -7). Let w(z) be the second derivative of z**4/4 + z**3/6 + 542*z. Give w(y).
4
Let h(p) = p**3 + 2*p**2 + 3. Let m(w) = w**3 + w**2 - w + 3. Suppose 5 = 5*v - 4*v. Suppose 0*r + v*r = 15. Let u(l) = r*m(l) - 4*h(l). What is u(-5)?
12
Suppose 0 = -3*v - 4*n + 28, 5*v - 7 = -3*n + 25. Let x(r) be the second derivative of r**5/20 - r**4/3 - r**3/6 - 3*r**2/2 - 2*r. Give x(v).
-7
Let j be ((-48)/72)/(0 - (-2)/(-9)). Let h(d) = -d**3 - 5*d**2 - 4 + 2 + j + 4. Calculate h(-5).
5
Let h be 36/(-8)*((-8)/(-3) - 2). Let s(k) = -7*k - 3. Give s(h).
18
Let s(d) = 18*d - 17. Let m(j) = -28*j + 27. Let w(f) = 5*m(f) + 8*s(f). Calculate w(1).
3
Let j(f) = -2*f**2 + 30*f + 19. Let g(m) = -2*m - 1. Let k(v) = -g(v) - j(v). Calculate k(15).
12
Suppose 4*q = t + q + 18, -5*q - 21 = 4*t. Let u(a) = a**3 + 22*a**2 + 20*a - 9. Let c(b) = 2*b**2 + 2*b - 1. Let i(k) = 6*c(k) - u(k). Determine i(t).
-6
Let c = 36 + -34. Let k(p) = 2*p + 24*p**2 - 46*p**2 + 2 + 21*p**c. Determine k(2).
2
Let h(m) be the second derivative of m**4/6 + m**3/2 + 3*m**2/2 + 20*m + 1. What is h(-2)?
5
Let x be (-4)/(16/(-4)) + -2 + -10. Let f(z) = -z - 24. Determine f(x).
-13
Let s(r) = 98*r - 65 - 46*r + 67 - 42*r. Determine s(1).
12
Let y(o) = 13*o + 93. Let z be y(-8). Let l(i) = i**2 + 11*i + 6. Give l(z).
6
Let b(f) = 79*f**2 + 3 - 76*f**2 + 2*f + 2*f. Let n = -7 - -5. Determine b(n).
7
Let t(x) = x**2 - x. Let f be t(0). Suppose p = 